0 + 12. Calculate the highest common factor of x and n.
2
Let r(s) = s**3 - 8*s**2 + 13*s - 4. Let l be r(5). Let o be 6 - 200/35 - 1228/l. Calculate the highest common factor of 8 and o.
8
Suppose 3*k + 3*m - 231 = 0, 0 = -3*k + 2*k + 3*m + 93. Suppose 9*y = 6*y + k. What is the greatest common factor of 36 and y?
9
Let c be (-1 + -13)*-4 - -3. Let g be 2/3*984/(-16). Let a = c + g. What is the highest common factor of a and 126?
18
Let x(d) = d**3 - 10*d**2 + 23*d - 6. Let t be x(7). Let j = 53 - t. What is the greatest common factor of 45 and j?
45
Suppose 2 + 68 = -7*u. Let g be u*(-9)/6*(-3)/(-9). What is the highest common divisor of g and 55?
5
Let o = 57 - 113. Let y = o - -94. What is the highest common factor of y and 19?
19
Let w be 24 + -6 + 1 + 2. Suppose 0*y + 1705 = 5*y. Suppose y = 4*r + 5. What is the greatest common divisor of r and w?
21
Let l be 7/(-1)*(296/(-14) + 21). Let i(f) = -f**2 + 4*f + 6. Let g be i(5). What is the greatest common factor of l and g?
1
Let s be (-6 - 1)*(-75)/525. Calculate the highest common divisor of 11 and s.
1
Let r = 1450 + -475. Calculate the highest common divisor of r and 39.
39
Suppose 4*g - 5*g = -103. Let o = g - 83. Calculate the highest common divisor of o and 30.
10
Let l(a) = 6*a - 70. Let j be (-32)/6*207/(-92). Let s be l(j). What is the greatest common factor of 14 and s?
2
Let q(c) = -c**3 - 45*c**2 - 42*c + 90. Let a be q(-44). Calculate the greatest common factor of 86 and a.
2
Let i(s) = s + 15. Let q be i(-15). Suppose q = -3*u + 25 + 23. Let h = -52 + 164. What is the greatest common divisor of h and u?
16
Suppose -2*m = 2*u - 16, 3*u - 19 = u - 3*m. Suppose -3*v + 46 = 3*q + v, -3*q = u*v - 44. Let i = 92 + -38. Calculate the greatest common divisor of i and q.
18
Suppose 0 = -3*i - 2*l + 256, 5*i - l = 2*i + 268. What is the highest common divisor of i and 24?
8
Let x(f) = f**3 - 3*f**2 - 4*f - 6. Let m be x(5). What is the highest common divisor of m and 60?
12
Let w = -353 + 389. Calculate the highest common factor of 252 and w.
36
Suppose -21*h + 10 = -16*h. Suppose -a - h = -16. What is the highest common factor of a and 42?
14
Suppose -246 = -2*d + 2*t, -2*d = 2*d - 2*t - 486. What is the highest common divisor of 15 and d?
15
Let i be (-8)/44 - (4 - (-2103)/(-11)). Let m(l) = l**3 + 13*l**2 - 2*l - 9. Let p be m(-13). Calculate the highest common divisor of i and p.
17
Suppose 2*y = 3*n + 69, 0*y - 3*n + 39 = y. Calculate the highest common divisor of y and 36.
36
Let f = -92 + 134. Let o(j) = 5*j**2 - 7*j + 10. Let d be o(3). Suppose 4*k = 3*r - 0 - 72, 2*k = -r + d. What is the highest common factor of f and r?
14
Let k(g) = 3*g - 18. Let n be k(6). Suppose -4*x + 2*x + 4 = 0. Suppose -x*q + 36 = -n*q. What is the highest common divisor of q and 162?
18
Let c = -862 - -1276. Suppose -a + 4*f = -c, 3*a - 683 = -3*f + 574. Calculate the highest common factor of a and 38.
38
Suppose -6*b + 5*w = -b + 90, 2*w = -4. Let a = -5 - b. Suppose -2*t + 29 = 3*r - 2*r, 0 = 3*t + 3*r - 42. Calculate the highest common divisor of a and t.
15
Suppose 5*m + 1024 = 9*m. Calculate the greatest common divisor of m and 8.
8
Suppose d - 1 = -o, -4*d + 2 + 0 = 2*o. Suppose 24*i = 213 + 51. Calculate the highest common divisor of i and o.
1
Let n(y) = -135*y**3 + y**2 - 1. Let g be n(-1). Suppose -3*w - l = 66 + 185, 253 = -3*w - 2*l. Let x = -68 - w. What is the greatest common factor of x and g?
15
Suppose 7*z = -1 + 8. Suppose 5*w = -5*u + 65, 3*u - 33 + z = 4*w. Calculate the highest common factor of u and 8.
4
Let f(r) = 47*r + 159. Let i be f(3). What is the greatest common factor of i and 12?
12
Suppose 646 - 221 = 5*x. Let z = -19 + x. Suppose 6*j - j - 115 = -5*w, 2*w - 5*j = 39. What is the highest common factor of w and z?
22
Suppose -5*r - 3*n - 350 = 0, 58 = -6*r + 5*r - 3*n. Let t be ((-27)/3)/(3/(-36)). Let o = t + r. What is the highest common divisor of 5 and o?
5
Let l = -1657 - -1663. Let d be -5*2/(-2) - 1. What is the greatest common divisor of l and d?
2
Let y be 1/(2/(-4)) + 2. Let b(s) = s**3 + s**2 - s + 26. Let v be b(y). Let i = -355 - -420. What is the greatest common divisor of i and v?
13
Let j(u) = -u**3 + 3*u**2 + 4*u + 1. Let i be j(4). What is the highest common divisor of 1 and i?
1
Let w(i) = 9*i + 445. Let n be w(-22). What is the highest common divisor of 156 and n?
13
Let p(h) = -2*h + 5. Let u(v) = -v + 3. Let j(k) = 4*p(k) - 9*u(k). Let f be j(14). Calculate the greatest common factor of f and 7.
7
Let a(y) be the third derivative of -y**4/6 - 17*y**3/2 - 3*y**2 + 2. Let f be a(-18). What is the highest common divisor of 105 and f?
21
Let k = -62 + 118. Let b = k - 21. What is the greatest common divisor of b and 245?
35
Let y(l) = -l**3 + 13*l**2 - 20*l - 7. Let n be y(11). What is the highest common factor of n and 135?
15
Suppose -9*k = -662 - 886. What is the highest common factor of k and 129?
43
Suppose 14*n - 10 + 38 = 0. Let h be ((-6)/6)/(n/346) + 1. What is the highest common factor of 29 and h?
29
Let y(d) = 125*d**2 - 4*d - 5. Let j be y(-1). What is the greatest common factor of 2 and j?
2
Let q(n) be the third derivative of -n**6/20 - n**5/60 + n**4/24 - 2*n**3/3 - 12*n**2. Let k be q(-2). Calculate the highest common divisor of 57 and k.
19
Let u = -249 + 45. Let n = -22 - u. What is the highest common divisor of n and 26?
26
Suppose 2*i - 4 = 5*h - 37, -4*h + 33 = 5*i. Let c = h + -7. Suppose c = -5*a + 4*x - 5, 4*a + 0 = 2*x + 2. Calculate the highest common divisor of 3 and a.
3
Let o = -345 - -1599. Suppose 0 = 8*k + 390 - o. Calculate the highest common divisor of k and 27.
27
Suppose -4*a = -2*m + 440, 3*a = -4*m - 232 + 1167. Calculate the highest common factor of 736 and m.
46
Suppose 123 = -17*i + 429. What is the greatest common factor of 198 and i?
18
Suppose 0 = -3*u - 2*o + 178, -u - 5*o - 185 = -4*u. Let y(n) = n + 2. Let h be y(2). Let j = 16 - h. Calculate the highest common factor of u and j.
12
Let w = -79 + 106. Calculate the highest common factor of w and 9.
9
Suppose 5*a - 20 = 70. Suppose 17*z - 548 = -89. What is the greatest common divisor of a and z?
9
Suppose 0 = k - 82 - 26. Let t(h) be the first derivative of h**4/4 + 8*h**3/3 + 3*h**2 + 5*h + 4. Let w be t(-7). What is the highest common factor of k and w?
12
Let d(y) = -y**2 - 24*y - 4. Let h be d(-14). Calculate the highest common divisor of h and 17.
17
Let r(k) = 24*k + 85. Let w be r(0). Calculate the greatest common factor of w and 136.
17
Let g be ((-28)/(-8))/((-4)/(-24)). Let v(p) = p - 3. Let a be v(6). Calculate the highest common factor of g and a.
3
Let s be (-4)/(-14) + 33/7. Suppose k = 2*b - 3, 4*b - 6*b - 2 = -2*k. Calculate the highest common divisor of s and k.
5
Let t(f) = f**2 - f + 2. Let v be t(3). Suppose -3*s - 2*m + 263 = 0, 0*m + m = s - 96. Suppose 197 = 4*r - s. Calculate the greatest common divisor of v and r.
8
Let z be (3/((-9)/(-130)))/(4/48). What is the greatest common factor of 65 and z?
65
Let r(w) = 208*w**2 - w - 2. Let g be r(-1). What is the highest common divisor of g and 23?
23
Let q = 22 - 15. Let r = q + 17. What is the highest common factor of r and 6?
6
Suppose -60 = -5*r - 20. Let u = -81 + 169. Calculate the greatest common divisor of u and r.
8
Let q be 3/((-27)/(-6))*69147/26. Calculate the highest common divisor of q and 9.
9
Let r(p) = 57*p**3 - 4*p**2 + 10*p - 14. Let i be r(4). What is the highest common divisor of i and 10?
10
Let c = 86 - 82. Suppose 4*k - 3*y - 185 = 0, -5*k - 30 = -6*k + c*y. What is the greatest common divisor of k and 75?
25
Suppose 4*b - u = 1286, -370 = -5*b + u + 1238. Calculate the highest common factor of b and 42.
14
Suppose 4*q = q - 2*p + 41, 2*q - 28 = -p. Let n(h) = -14*h**2 + 2*h**3 - 11*h - h**3 - 4*h + 3. Let b be n(q). Calculate the greatest common factor of b and 2.
1
Let y be (38 - -1)/(-4 - -5). Suppose -2*x = -8, f - 19 - 2 = -2*x. What is the greatest common divisor of y and f?
13
Let h be (380/24)/(14/84). Let n = -1 - -11. Let b = 9 + n. Calculate the highest common factor of b and h.
19
Let g be 4*(2 + (-6)/(-1)). Suppose 99*d - 48 = 98*d. What is the highest common factor of g and d?
16
Let i(n) = 44*n + 618. Let s be i(-12). What is the greatest com